iple of 17?
True
Does 87 divide 533?
False
Is 62608 a multiple of 104?
True
Does 9 divide 475?
False
Is 58 a factor of 2262?
True
Does 50 divide 550?
True
Is 3422 a multiple of 118?
True
Is 5 a factor of 2955?
True
Is 8810 a multiple of 10?
True
Is 14997 a multiple of 9?
False
Is 16 a factor of 279?
False
Is 13 a factor of 9223?
False
Does 14 divide 378?
True
Is 2046 a multiple of 22?
True
Is 656 a multiple of 12?
False
Is 237 a multiple of 3?
True
Does 19 divide 268?
False
Is 32 a factor of 416?
True
Is 2631 a multiple of 9?
False
Is 10 a factor of 2670?
True
Is 12 a factor of 43764?
True
Is 228 a multiple of 11?
False
Is 1410 a multiple of 70?
False
Does 97 divide 303?
False
Is 49 even?
False
Does 10 divide 15170?
True
Is 10087 a multiple of 11?
True
Is 37 a factor of 333?
True
Does 14 divide 3570?
True
Is 67946 a multiple of 106?
True
Is 31 a factor of 2387?
True
Is 29 a factor of 261?
True
Is 11388 a multiple of 26?
True
Does 18 divide 6468?
False
Is 3 a factor of 495?
True
Is 203 a factor of 8932?
True
Does 78 divide 10117?
False
Is 1688 a multiple of 27?
False
Is 25 a factor of 275?
True
Is 3922 a multiple of 32?
False
Does 8 divide 27?
False
Is 25 a factor of 700?
True
Is 2425 a multiple of 135?
False
Is 18 a factor of 1584?
True
Is 20 a factor of 67880?
True
Is 21 a multiple of 6?
False
Is 17 a factor of 6375?
True
Does 81 divide 2447?
False
Does 67 divide 804?
True
Is 10216 a multiple of 60?
False
Is 17 a factor of 19556?
False
Is 9 a factor of 497?
False
Is 9 a factor of 55139?
False
Does 8 divide 1592?
True
Is 22 a factor of 11660?
True
Does 9 divide 2061?
True
Is 109 a factor of 50618?
False
Is 2817 a multiple of 67?
False
Is 19546 a multiple of 58?
True
Is 11 a factor of 22704?
True
Is 1139 a multiple of 10?
False
Is 7 a factor of 1043?
True
Is 131 a factor of 655?
True
Does 6 divide 523?
False
Is 1308 a multiple of 6?
True
Is 9 a factor of 4607?
False
Is 8206 a multiple of 42?
False
Is 34 a factor of 25623?
False
Does 25 divide 10050?
True
Is 45 a factor of 810?
True
Does 12 divide 1455?
False
Is 120 a multiple of 40?
True
Is 37015 a multiple of 11?
True
Is 7714 a multiple of 18?
False
Is 21 a factor of 426?
False
Is 18 a factor of 23?
False
Is 7 a factor of 119?
True
Is 5047 a multiple of 10?
False
Does 157 divide 13037?
False
Is 364 a multiple of 28?
True
Does 18 divide 891?
False
Does 257 divide 24433?
False
Does 44 divide 2288?
True
Is 29843 a multiple of 13?
False
Is 10 a factor of 750?
True
Is 57 a factor of 9250?
False
Is 3784 a multiple of 33?
False
Is 62 a multiple of 5?
False
Does 87 divide 87?
True
Is 8010 a multiple of 9?
True
Is 74762 a multiple of 10?
False
Does 20 divide 15018?
False
Is 14 a factor of 146089?
False
Is 900 a multiple of 15?
True
Does 201 divide 68170?
False
Does 4 divide 50888?
True
Is 960 a multiple of 8?
True
Is 1637 a multiple of 58?
False
Is 908 a multiple of 8?
False
Is 106906 a multiple of 39?
False
Is 5 a factor of 150?
True
Is 72 a factor of 46728?
True
Does 92 divide 5078?
False
Is 103 a factor of 843?
False
Is 816 a multiple of 20?
False
Does 25 divide 237?
False
Is 32 a factor of 2080?
True
Does 27 divide 14125?
False
Is 36 a factor of 5508?
True
Is 14977 a multiple of 33?
False
Does 87 divide 3828?
True
Is 36 a factor of 576?
True
Does 111 divide 8325?
True
Is 23 a factor of 826?
False
Does 10 divide 3109?
False
Is 364 a factor of 59927?
False
Is 2058 a multiple of 25?
False
Is 2174 a multiple of 60?
False
Is 8926 a multiple of 33?
False
Is 23 a factor of 3197?
True
Is 135898 a multiple of 509?
False
Does 7 divide 1029?
True
Is 2 a factor of 464?
True
Is 130 a multiple of 26?
True
Does 9 divide 89?
False
Is 61 a factor of 488?
True
Does 48 divide 39261?
False
Is 57 a factor of 53124?
True
Is 14 a factor of 624?
False
Is 42 a factor of 2355?
False
Is 17 a factor of 2409?
False
Does 7 divide 106?
False
Is 293 a multiple of 8?
False
Is 11 a factor of 2827?
True
Does 76 divide 23289?
False
Is 3698 a multiple of 43?
True
Does 7 divide 5957?
True
Does 8 divide 6872?
True
Does 14 divide 27976?
False
Is 133 a multiple of 4?
False
Is 15627 a multiple of 283?
False
Is 19183 a multiple of 86?
False
Is 25239 a multiple of 6?
False
Is 5 a factor of 8267?
False
Does 106 divide 5936?
True
Is 6334 a multiple of 38?
False
Is 2607 a multiple of 11?
True
Does 226 divide 11752?
True
Is 153 a factor of 32569?
False
Is 17 a factor of 36?
False
Is 9 a factor of 252?
True
Is 66 a factor of 6445?
False
Does 11 divide 5995?
True
Is 12593 even?
False
Does 91 divide 3162?
False
Does 3 divide 150?
True
Is 9 a factor of 8931?
False
Is 208 a multiple of 16?
True
Is 14 a factor of 35994?
True
Does 21 divide 2116?
False
Is 13 a factor of 5603?
True
Is 6237 even?
False
Is 7 a factor of 4921?
True
Is 167 a factor of 4509?
True
Is 139 a factor of 9757?
False
Is 3522 a multiple of 5?
False
Is 54 a factor of 756?
True
Is 3166 a multiple of 7?
False
Is 12 a factor of 72?
True
Is 13 a factor of 9044?
False
Does 26 divide 5018?
True
Is 20 a factor of 600?
True
Is 4478 a multiple of 6?
False
Is 686 a multiple of 7?
True
Does 2 divide 224?
True
Is 96 a factor of 22464?
True
Does 139 divide 2085?
True
Does 4 divide 390?
False
Is 90 a factor of 2166?
False
Does 10 divide 1843?
False
Is 2832 a multiple of 16?
True
Is 5 a factor of 2295?
True
Does 28 divide 1134?
False
Is 119 a factor of 5539?
False
Is 8 a factor of 4106?
False
Does 57 divide 22150?
False
Does 4 divide 500?
True
Is 47 a factor of 8789?
True
Is 14 a factor of 2068?
False
Does 3 divide 84?
True
Is 884 a multiple of 26?
True
Does 345 divide 26149?
False
Is 83 a factor of 9572?
False
Is 21 a factor of 3780?
True
Is 1660 a multiple of 83?
True
Does 5 divide 41550?
True
Is 6734 a multiple of 7?
True
Is 18 a factor of 2412?
True
Is 269 a multiple of 6?
False
Is 47 a factor of 871?
False
Is 1708 a multiple of 90?
False
Is 50 a factor of 1000?
True
Is 179 a multiple of 22?
False
Is 26975 a multiple of 8?
False
Is 132 a multiple of 6?
True
Does 119 divide 387?
False
Is 1710 a multiple of 48?
False
Is 2526 a multiple of 56?
False
Is 7868 a multiple of 13?
False
Is 5 a factor of 1040?
True
Is 244 a multiple of 61?
True
Does 6 divide 23129?
False
Is 33231 a multiple of 16?
False
Is 1764 a multiple of 12?
True
Does 8 divide 18922?
False
Is 63 a factor of 33597?
False
Is 1938 a multiple of 23?
False
Is 46 a factor of 140?
False
Is 1110 a multiple of 30?
True
Is 18 a factor of 13230?
True
Is 44064 a multiple of 108?
True
Is 15 a factor of 66165?
True
Does 42 divide 11104?
False
Is 17817 a multiple of 41?
False
Is 117 a factor of 55575?
True
Is 105 a multiple of 2?
False
Is 2 a factor of 326?
True
Is 1337 a multiple of 21?
False
Is 18 a factor of 5652?
True
Is 335 a multiple of 19?
False
Is 22 a factor of 66397?
False
Does 4 divide 16?
True
Is 99 a factor of 1386?
True
Is 183 a multiple of 13?
False
Is 28 a factor of 412?
False
Is 8 a factor of 2344?
True
Does 3 divide 223?
False
Is 4377 a multiple of 16?
False
Does 32 divide 3520?
True
Is 21 a factor of 15225?
True
Does 11 divide 3638?
False
Does 66 divide 7648?
False
Is 212 a factor of 34556?
True
Does 58 divide 4072?
False
Is 36 a factor of 13500?
True
Is 3272 a multiple of 36?
False
Is 11297 a multiple of 13?
True
Does 4 divide 4308?
True
Does 93 divide 3351?
False
Is 147 a factor of 38661?
True
Does 36 divide 20772?
True
Is 2366 a multiple of 91?
True
Is 114 a factor of 148?
False
Does 31 divide 341?
True
Does 71 divide 2556?
True
Is 31 a factor of 18507?
True
Does 6 divide 2739?
False
Is 180 a factor of 316?
False
Does 16 divide 13248?
True
Does 72 divide 1561?
False
Does 11 divide 14861?
True
Is 28 a factor of 116?
False
Is 20 a factor of 1148?
False
Is 6674 a multiple of 21?
False
Does 3 divide 1296?
True
Is 22155 a multiple of 211?
True
Is 46 a factor of 15364?
True
Is 10272 a multiple of 6?
True
Is 5319 even?
False
Does 48 divide 8400?
True
Is 3010 a multiple of 14?
True
Does 31 divide 837?
True
Does 15 divide 1095?
True
Is 14 a factor of 43778?
True
Is 2 a factor of 81?
False
Is 32 a factor of 4969?
False
Does 17 divide 272?
True
Is 2490 a multiple of 30?
True
Does 93 divide 28045?
False
Is 41375 a multiple of 125?
True
Is 124 a factor of 17608?
True
Is 5 a factor of 775?
True
Does 15 divide 120?
True
Is 250 a multipl